-14) - 4/(-30)?
2, 3, 547
Suppose 3*j - 22 = -2*o, -4*j + 3*j - 3*o = -12. List the prime factors of 1317/9 + -2 - (-4)/j.
5, 29
Suppose 0 = -5*g + 4*r + 22, 16 = 5*g - 5*r - 9. What are the prime factors of ((-14)/5 + g)/((-9)/630)?
2, 7
Let h(u) = -u**3 + 5*u**2 - 3*u - 1. Let t be h(4). Suppose t*j = -j. Let o = j - -4. What are the prime factors of o?
2
Let q(t) = -t**3 + t**2 + 1. Let h(n) = 5*n**3 - 5*n**2 - n - 5. Let j(z) = h(z) + 4*q(z). Let l be j(2). What are the prime factors of (66 - 6)*l/2?
2, 3, 5
Let g = -2 - 3. Let x be -15*(4/g - 0). Let o(a) = a**2 - 12*a + 5. List the prime factors of o(x).
5
Let b(j) = -j**3 - 8*j**2 - 13. Let q be b(-9). Let k = q - -96. Suppose 4*s - 4*o = k, -13 + 152 = 3*s + o. What are the prime factors of s?
3, 5
Suppose -3*l + 4*l = 0. Let r = 23 + -15. Suppose l = 5*d - r*d + 51. List the prime factors of d.
17
Let j(h) = h**2 - h - 4. Let x be j(3). Suppose p + 3*u + 2 = 0, u = -x*p + 3 - 2. Suppose -f + 2 = -p. List the prime factors of f.
3
Let x = 28 - 12. Suppose -3*l = -5*v + v - x, -5*l = -20. What are the prime factors of v/((-5)/265) + -1?
2, 13
Suppose 8*k - 2832 = -8*k. List the prime factors of k.
3, 59
Let q = 64 + 350. What are the prime factors of q?
2, 3, 23
Suppose -4*n + 4*a = n - 210, 0 = -a - 5. Let o = -11 + n. List the prime factors of o.
3
Suppose -5*v + w = -1350, v + w - 1350 = -4*v. List the prime factors of v.
2, 3, 5
Suppose -4*d + 3*x = -3910, d + 9*x - 978 = 10*x. List the prime factors of d.
2, 61
Suppose -5*r + 5545 = 5*c, -c - 3013 = -3*r + 326. List the prime factors of r.
2, 139
Suppose -3*q + 2 = -10. Let p(h) = h**3 + 4*h**2 - 5*h - 2. List the prime factors of p(q).
2, 53
Let f = -180 - -354. List the prime factors of f.
2, 3, 29
Suppose 5 - 1 = 2*t. Suppose -2*k + 272 = t*k. Suppose -4*d + 2*w = -k, -19 - 31 = -2*d + 5*w. What are the prime factors of d?
3, 5
Suppose 4*d = -7 + 27. List the prime factors of (34/d)/((-4)/(-10)).
17
Suppose 35 = -3*m - 2*m. Let f(h) = -h**3 - 7*h**2 - 2*h. What are the prime factors of f(m)?
2, 7
Let c be -2*4/8 + 1 + 0. Suppose -4*o = -o - 6, c = 2*r + 3*o - 342. List the prime factors of r.
2, 3, 7
Let o(l) = 11*l**3 - 16*l**2 + 9*l + 13. What are the prime factors of o(7)?
5, 613
Let f(k) = -k - 7. Let g be f(-5). Let d be (g + 0 - -3)*-10. Let o = d - -41. What are the prime factors of o?
31
Let d(s) be the third derivative of -7*s**4/6 - s**3/3 - 2*s**2. Let w = -2 - 0. What are the prime factors of d(w)?
2, 3
Let a be 21/(2/(-1) + 3). Let l = 16 + a. Suppose 2*j + l = 3*c, -3*c + 3*j = 2*c - 63. What are the prime factors of c?
3, 5
Let o = 16 + -17. Let h be (o/3)/(5/(-45)). Suppose -38 = -h*x + 5*y, 5*x + 4*y - 26 = 25. What are the prime factors of x?
11
Let f(t) = t**2 - t - 5. Suppose 5*c + 20 = 2*x - 17, 0 = -c - 5. What are the prime factors of f(x)?
5
Let y be (-10)/25 + (-24)/(-10). Suppose -11 + 3 = -y*c. Suppose 60 = 3*u + 4*t, 11 + 1 = -c*t. List the prime factors of u.
2, 3
Suppose -5*i = 4*l - 21, -3*l + 5*i - i + 8 = 0. Suppose -2*r - 4*z + 148 = 0, -l*r = 6*z - 3*z - 321. What are the prime factors of r?
2, 3, 7
Let v = 24 + -14. List the prime factors of (-5 - v)/5*-25.
3, 5
Suppose -20*h = -1290 - 5830. List the prime factors of h.
2, 89
Suppose -1 = 2*u - u - 2*z, -15 = -3*z. Suppose -240 = -u*s + 6*s. List the prime factors of s.
2, 5
Let h(f) = -8*f**2 + 5*f**2 - 139*f**3 + 0*f**2 - 1 + 4*f**2. Let s be h(1). Let q = -79 - s. What are the prime factors of q?
2, 3, 5
Let h = -192 + 673. Let o = -288 + h. What are the prime factors of o?
193
List the prime factors of -102*((-2)/11 - 492/198).
2, 17
Suppose 6*c = 3*c. Suppose 5*k + 3*q + 0*q = -3, c = q + 1. Suppose k = 2*m - 33 - 35. List the prime factors of m.
2, 17
Let u(h) = 2*h + 14. Let x be u(-5). Suppose -x*z = -z - 333. List the prime factors of z.
3, 37
Suppose 129*k - 130*k = -2*v - 1769, -4*k - 2*v = -7036. What are the prime factors of k?
3, 587
Suppose -z + 2*z - 1013 = 3*g, 5*z + 2*g - 5150 = 0. List the prime factors of z.
2, 257
Let p(t) = 8*t**2 + t - 3*t**2 - t**2 + 6*t**2 - 1. Let o be p(1). Let m(l) = l**3 - 11*l**2 + 13*l - 9. List the prime factors of m(o).
3, 7
Let s(r) be the first derivative of r**2/2 - 3*r + 14. Let z be s(5). Suppose 4*i + z*f - 50 = 0, -2*f + 1 = -4*i + 55. What are the prime factors of i?
13
Suppose 3*m - 5*m + 14 = 0. Suppose -m = -r - 3. Suppose -c + 3*c - 3*w = 32, r*c - 72 = 4*w. List the prime factors of c.
2, 11
Let h(g) = 10*g**3 - 4*g**2 + g - 3. What are the prime factors of h(4)?
577
Let y(o) = -10*o**3 + 2*o**2 + 3*o + 1. Let i be y(-1). What are the prime factors of (i - 1)*7/(21/18)?
2, 3
Suppose -3*x - 458 + 2447 = 0. List the prime factors of x.
3, 13, 17
Let g(t) = t**2 + 6*t - 3. Suppose -5*x + 17 = 7. Suppose 0 = 2*i - 4*w + 2*w + 24, 5*w = x*i + 33. List the prime factors of g(i).
2, 3
Suppose -v + 17 = -5*j, -5*v + 1 = 2*j - 3. Let h be (-12)/4 + (0 - -8). Suppose -v*o - 102 = -h*o. List the prime factors of o.
2, 17
Suppose 10*m - 543 = -213. Let c = 122 - m. What are the prime factors of c?
89
Let z(q) = -113*q. Let h be z(2). What are the prime factors of (1 - h/10)*(-20)/(-8)?
59
Suppose 5*c + 3*h = -15, 5 - 43 = 3*c - 4*h. Let t(v) = -v**3 - 3*v**2 + 5*v - 16. List the prime factors of t(c).
2, 31
Let p = -4140 - -7730. List the prime factors of p.
2, 5, 359
Let m(p) = -p. Let g(c) = -5*c + 3. Let f be ((-6)/4)/((-6)/8). Let z(v) = f*m(v) + g(v). What are the prime factors of z(-1)?
2, 5
Suppose 0 = 93*t - 100*t + 3976. List the prime factors of t.
2, 71
Let z(v) = -55*v - 109. List the prime factors of z(-5).
2, 83
Suppose -2*o + 3*z + 3830 = 0, 3*z = -95 + 107. What are the prime factors of o?
17, 113
Let k(f) = -767*f**2 - 1. Let z be k(1). Let j be 6/(-10) - z/30. Suppose 5*x - j = -0. What are the prime factors of x?
5
Let w(m) = 3 - m - 15*m + 7*m + 3*m. Let k = 7 - 10. What are the prime factors of w(k)?
3, 7
Suppose 351 = 3*s - 72. Suppose 3*i - s = 108. List the prime factors of i.
83
Let g be 1434/22 + (-16)/88. Let h = 116 - g. What are the prime factors of h?
3, 17
Let s(k) be the first derivative of -5*k**2 - 21*k + 1. List the prime factors of s(-8).
59
Let h be 2/10 - (-182)/65. Suppose d + 94 = h*d. What are the prime factors of d?
47
Suppose -18*o + 20*o = 2*g - 4966, 5*g - 12399 = -3*o. What are the prime factors of g?
3, 827
Let n = -43 + 49. Suppose -n*y = -y - 470. What are the prime factors of y?
2, 47
Let h(n) = 3*n - 1 + 3*n**2 - 51*n**2 - 5*n**2. Let v be h(1). List the prime factors of 8/(-1) - -4 - v.
47
Let n(p) = 72*p - 12. Let q be n(-2). Let z = -66 - q. List the prime factors of z.
2, 3, 5
Let q = 44 - 37. Let j(z) = -3*z + 37. What are the prime factors of j(q)?
2
Suppose -3*v + 370 = 7*v. What are the prime factors of (-1)/(4/(v*-4))?
37
Suppose -153*w - 12673 = -172*w. List the prime factors of w.
23, 29
Suppose 55*z = 56913 + 234202. What are the prime factors of z?
67, 79
Let g = 268 + -100. Suppose 0 = -3*d + 7*d - g. Suppose 2*b - 3*b = -d. What are the prime factors of b?
2, 3, 7
Let r = 2159 - 1126. What are the prime factors of r?
1033
Let z = -144 + 64. What are the prime factors of z/28*(-7)/2?
2, 5
List the prime factors of (-48 - 9)/(1 + 76/(-74)).
3, 19, 37
Let r = -63 + 171. List the prime factors of r.
2, 3
Let z = -13 + 14. Suppose z = 2*x - 9. List the prime factors of (16/x - 2)*15.
2, 3
Let l(s) = s**2 - 4*s + 2. Let q be l(4). List the prime factors of 126/(-1)*q/(-4).
3, 7
What are the prime factors of 30030/18 + ((-100)/15)/(-4)?
2, 5, 167
Let u be -1 + (4 - -10) - 3. Suppose -74 = -2*k - 2*m - u, -k + 16 = 5*m. List the prime factors of k.
2, 3
Let j be 13*((-8)/(-4) + -3). Let m(i) = 2*i + 12. Let v be m(j). Let a = v + 30. What are the prime factors of a?
2
Suppose -13*l = -21*l + 7672. What are the prime factors of l?
7, 137
Let a be (1/((-3)/174))/(-2) + -3. Let d = 8 + -6. Suppose -d*j + 16 = -a. What are the prime factors of j?
3, 7
Suppose 12*u = 6777 + 2439. List the prime factors of u.
2, 3
Suppose 3*c = 5*c - 3*a - 20, 5*a = c - 17. Let p(q) = 2*q**2 + 2*q - 12*q - 2*q - 4. List the prime factors of p(c).
2, 5
List the prime factors of (-24490)/(-20) + 2/4 + 0.
5, 7
Suppose 4*o + 28 = 116. Let l = -41 + 49. List 